{"id":4001,"date":"2010-05-22T09:17:06","date_gmt":"2010-05-22T08:17:06","guid":{"rendered":"http:\/\/martine.tatangelo.com\/index.php\/thanasinh-notre-nouveau-camping-car-4x4\/"},"modified":"2016-03-26T18:51:39","modified_gmt":"2016-03-26T17:51:39","slug":"thanasinh-notre-nouveau-camping-car-4x4","status":"publish","type":"page","link":"https:\/\/martine.tatangelo.com\/index.php\/thanasinh-notre-nouveau-camping-car-4x4\/","title":{"rendered":"THANASINH, notre nouveau camping-car 4&#215;4"},"content":{"rendered":"<p>C&rsquo;est notre nouveau d\u00e9fi : construire un camping-car sur une base camion Renault 4&#215;4 mod\u00e8le JP1, 150 CV, ann\u00e9e 1992, 120000km au compteur. Vous aurez les d\u00e9tails de tous l&rsquo;avancement des travaux, de nos recherches et r\u00e9flexions au fur et \u00e0 mesure de l&rsquo;avancement du projet car nous aussi, nous avons, comme vous cherch\u00e9 sur les sites internet et nous avons visit\u00e9 des internautes sympa.\u00a0 Ca donne des id\u00e9es et \u00e7a permet un \u00e9change. Nous nous sommes donn\u00e9s\u00a020 mois pour le faire puis un essai de 1 ou 2 mois sur le Maroc avant d&rsquo;entamer notre tour.Pourquoi THANASINH, c&rsquo;est un clin d&rsquo;oeil \u00e0 notre petit-fils, Jules dont c&rsquo;est le pr\u00e9nom Lao.Pourquoi un camion 4&#215;4 alors que nous avons un superbe camion Man tout confort : justement il est trop sophistiqu\u00e9 pour un tour du monde et surtout pas adapt\u00e9. Une garde au sol de 18cm nous emp\u00eacherait de prendre de trop mauvaises routes et chemins. Le camion est bourr\u00e9 d&rsquo;\u00e9lectronique qui nous g\u00e2cherait la vie avec la poussi\u00e8re et les mauvaises conditions que nous risquons de rencontrer alors nous le garderons pour nos prochains voyages en Europe&#8230;.D\u00e9but des travaux : mi-juin 2010<\/p>\n","protected":false},"excerpt":{"rendered":"<p>C&rsquo;est notre nouveau d\u00e9fi : construire un camping-car sur une base camion Renault 4&#215;4 mod\u00e8le&#8230;<\/p>\n","protected":false},"author":3,"featured_media":0,"parent":0,"menu_order":0,"comment_status":"open","ping_status":"open","template":"","meta":{"footnotes":""},"class_list":["post-4001","page","type-page","status-publish","hentry"],"_links":{"self":[{"href":"https:\/\/martine.tatangelo.com\/index.php\/wp-json\/wp\/v2\/pages\/4001","targetHints":{"allow":["GET"]}}],"collection":[{"href":"https:\/\/martine.tatangelo.com\/index.php\/wp-json\/wp\/v2\/pages"}],"about":[{"href":"https:\/\/martine.tatangelo.com\/index.php\/wp-json\/wp\/v2\/types\/page"}],"author":[{"embeddable":true,"href":"https:\/\/martine.tatangelo.com\/index.php\/wp-json\/wp\/v2\/users\/3"}],"replies":[{"embeddable":true,"href":"https:\/\/martine.tatangelo.com\/index.php\/wp-json\/wp\/v2\/comments?post=4001"}],"version-history":[{"count":2,"href":"https:\/\/martine.tatangelo.com\/index.php\/wp-json\/wp\/v2\/pages\/4001\/revisions"}],"predecessor-version":[{"id":4583,"href":"https:\/\/martine.tatangelo.com\/index.php\/wp-json\/wp\/v2\/pages\/4001\/revisions\/4583"}],"wp:attachment":[{"href":"https:\/\/martine.tatangelo.com\/index.php\/wp-json\/wp\/v2\/media?parent=4001"}],"curies":[{"name":"wp","href":"https:\/\/api.w.org\/{rel}","templated":true}]}}