{"id":4054,"date":"2010-07-15T08:54:42","date_gmt":"2010-07-15T07:54:42","guid":{"rendered":"http:\/\/martine.tatangelo.com\/index.php\/infos-pratiques-albanie\/"},"modified":"2010-07-15T08:54:42","modified_gmt":"2010-07-15T07:54:42","slug":"infos-pratiques-albanie","status":"publish","type":"page","link":"https:\/\/martine.tatangelo.com\/index.php\/infos-pratiques-albanie\/","title":{"rendered":"Infos pratiques ALBANIE"},"content":{"rendered":"<ul>\n<li>Albanie : nom officiel \u00ab\u00a0Shqip\u00ebri\u00a0\u00bben albanais<\/li>\n<li>Assurance : pas de probl\u00e8me, l&rsquo;Albanie figure sur la carte verte. Tous les documents du v\u00e9hicules : assurance, carte grise doivent \u00eatre au m\u00eame nom que le passeport sinon pr\u00e9voir une autorisation du propri\u00e9taire du v\u00e9hicule<\/li>\n<li>Bivouac : pas de camping, bivouac le long des plages, en campagne, en montagne<\/li>\n<li>Bunkers : il y en a partout et font partis du paysage : le long des routes, des plages<\/li>\n<li>Conduite : les automobilistes sans trop conna\u00eetre le code de la route conduisent prudemment<\/li>\n<li>Carte routi\u00e8re : pr\u00e9voir avant de partir, on ne trouve rien sur place<\/li>\n<li>Capitale : Tirana<\/li>\n<li>Climat : m\u00e9diterran\u00e9en sur la c\u00f4te et continental \u00e0 l&rsquo;int\u00e9rieur du pays<\/li>\n<li>Change : attention les DAB ne prennent pas forc\u00e9ment votre carte Visa ou Eurocard mais les villes ont beaucoup de banque et l&rsquo;on en trouve toujours une qui l&rsquo;accepte<\/li>\n<li>Douane : aucun probl\u00e8me particulier, formalit\u00e9s r\u00e9duites et visite du camping-car pour la forme<\/li>\n<li>Eau : ravitaillement dans les restaurants ou stations-service. A Vlora, source min\u00e9rale \u00e0 l&rsquo;entr\u00e9e de la ville. Nous avons toujours mis du micropur<\/li>\n<li>Environnement : les albanais n&rsquo;ont pas encore conscience des probl\u00e8mes d&rsquo;environnement : poubelles \u00e0 ciel ouvert, d\u00e9tritus sur les plages<\/li>\n<li>Fruits et L\u00e9gumes : le long des routes, t\u00e8s bon march\u00e9<\/li>\n<li>Guide : le Petit F\u00fbt\u00e9 pas toujours \u00e0 jour<\/li>\n<li>Gaz oil : en sept. 2009 aucun probl\u00e8me d&rsquo;approvisionnement env. 1euro<\/li>\n<li>Internet : beaucoup de petits caf\u00e9s mais mat\u00e9riel souvent tr\u00e8s vieux peu de wifi<\/li>\n<li>Jeux : les albanais jouent au caf\u00e9, au parc, dehors, dedans en fait partout, aux \u00e9checs, aux dames&#8230;<\/li>\n<li>Kilom\u00e8tres : l&rsquo;Albanie est un petit pays qui fait \u00e0 peine 340km de long et entre 75 et 150km de larg<\/li>\n<li>Lek : monnaie albanaise \u00e0 \u00e9changer en sortant du pays obligatoirement impossible au Mont\u00e9n\u00e9gro de convertir vos Leiks. 1 euro = 131 leks<\/li>\n<li>Langue : l&rsquo;albanais bien s\u00fbr un peu d&rsquo;italien et d&rsquo;anglais<\/li>\n<li>Merced\u00e8s : le plus grand mus\u00e9e de voitures Merced\u00e8s de la plus ancienne au plus r\u00e9cent 4&#215;4<\/li>\n<li>Monast\u00e8re : Ardenica un des plus beaux monuments orthodoxes<\/li>\n<li>Mer : que la mer est belle&#8230;. beaucoup de plage avec de petits gravillons et galets puis \u00e0 Vlora du sable<\/li>\n<li>Niveau de vie : bon march\u00e9 pour un europ\u00e9en<\/li>\n<li>Religion : musulman \u00e0 80% mais peu pratiquant pas de femmes voil\u00e9es, pas de ramadan<\/li>\n<li>Restaurant : pour quelques euros, vous vous r\u00e9galez de poissons grill\u00e9s<\/li>\n<li>Route : plus de probl\u00e8me pour la route c\u00f4ti\u00e8re qui est enti\u00e8rement neuve dans l&rsquo;int\u00e9rieur du pays, routes avec nids de poules. Dans les villes, \u00e9norm\u00e9ment de travaux ou en cours d&rsquo;am\u00e9nagement<\/li>\n<li>S\u00e9curit\u00e9 : aucun probl\u00e8me ni de sentiment d&rsquo;ins\u00e9curit\u00e9<\/li>\n<li>Site : Appollinia et Butrint \u00e0 visiter absolument<\/li>\n<li>Taxe : on paye des taxes de s\u00e9jour \u00e0 la sortie du pays env. 120leks par jour<\/li>\n<li>T\u00e9l\u00e9phone : le portable passe partout<\/li>\n<li>Sites class\u00e9s par l&rsquo;Unesco : Gjirokastra, B\u00e9trat, Butrint, Appollinia<\/li>\n<li>Vins albanais : rouge ou blanc, ils sont bons et peu ch\u00e8re mais la bi\u00e8re est tr\u00e8s r\u00e9pandue<\/li>\n<li><\/li>\n<\/ul>\n","protected":false},"excerpt":{"rendered":"<p>Albanie : nom officiel \u00ab\u00a0Shqip\u00ebri\u00a0\u00bben albanais Assurance : pas de probl\u00e8me, l&rsquo;Albanie figure sur la&#8230;<\/p>\n","protected":false},"author":3,"featured_media":0,"parent":0,"menu_order":0,"comment_status":"open","ping_status":"open","template":"","meta":{"footnotes":""},"class_list":["post-4054","page","type-page","status-publish","hentry"],"_links":{"self":[{"href":"https:\/\/martine.tatangelo.com\/index.php\/wp-json\/wp\/v2\/pages\/4054","targetHints":{"allow":["GET"]}}],"collection":[{"href":"https:\/\/martine.tatangelo.com\/index.php\/wp-json\/wp\/v2\/pages"}],"about":[{"href":"https:\/\/martine.tatangelo.com\/index.php\/wp-json\/wp\/v2\/types\/page"}],"author":[{"embeddable":true,"href":"https:\/\/martine.tatangelo.com\/index.php\/wp-json\/wp\/v2\/users\/3"}],"replies":[{"embeddable":true,"href":"https:\/\/martine.tatangelo.com\/index.php\/wp-json\/wp\/v2\/comments?post=4054"}],"version-history":[{"count":0,"href":"https:\/\/martine.tatangelo.com\/index.php\/wp-json\/wp\/v2\/pages\/4054\/revisions"}],"wp:attachment":[{"href":"https:\/\/martine.tatangelo.com\/index.php\/wp-json\/wp\/v2\/media?parent=4054"}],"curies":[{"name":"wp","href":"https:\/\/api.w.org\/{rel}","templated":true}]}}