{"id":4055,"date":"2010-07-15T09:34:25","date_gmt":"2010-07-15T08:34:25","guid":{"rendered":"http:\/\/martine.tatangelo.com\/index.php\/infos-frontiere-israel-en-camping-car\/"},"modified":"2010-07-15T09:34:25","modified_gmt":"2010-07-15T08:34:25","slug":"infos-frontiere-israel-en-camping-car","status":"publish","type":"page","link":"https:\/\/martine.tatangelo.com\/index.php\/infos-frontiere-israel-en-camping-car\/","title":{"rendered":"INFOS fronti\u00e8re Isra\u00ebl en camping-car"},"content":{"rendered":"<p>Depuis la Jordanie, il existe 3 points de passage terrestres entre Isra\u00ebl et la Jordanie. Sur ces 3 points de passage, 2 sont des postes fronti\u00e8res et \u00e0 ces 2 postes, vous pouvez passer avec votre camping-car. Le 3\u00e8me est juste un point de passage \u00e0 pied. Le visa n&rsquo;est pas n\u00e9cessaire pour les touristes fran\u00e7ais pour se rendre en Isra\u00ebl ou dans les territoires occup\u00e9s. Les 2 postes fronti\u00e8res sont :<\/p>\n<ul>\n<li>au nord : Cheikh Hussein Bridge \u00e0 environ 100 km au nord d&rsquo;Amman vers Irbid<\/li>\n<li>au sud : Aquaba<\/li>\n<\/ul>\n<p>Au centre, le passage de la fronti\u00e8re ne peut se faire qu&rsquo;\u00e0 pied. Dans ce cas, prendre un bus de Amman, passer la fronti\u00e8re et de l&rsquo;autre c\u00f4t\u00e9 (Jericho), d&rsquo;autres bus attendent pour vous emmener \u00e0 J\u00e9rusalem.Attention : aucun tampon isra\u00e9lien ne doit \u00eatre appos\u00e9 sur votre passeport car vous ne pourrez plus passer les douanes de certains pays arabes tels que la Syrie, l&rsquo;Egypte, l&rsquo;Arabie Saoudite donc en un mot, plus de possibilit\u00e9 de rentrer par voie terrestre.<\/p>\n<ol>\n<li>1\u00e8re \u00e9tape : la sortie du territoire jordanien. Demander au douanier que la sortie du territoire soit faite sur une feuille volante, ils ont l&rsquo;habitude et cela ne pose aucun probl\u00e8me. Leur dire : \u00ab\u00a0no stamp in the passeport\u00a0\u00bb. Vous devez payer les taxes de sortie<\/li>\n<li>2\u00e8me \u00e9tape : la douane isra\u00e9lienne. Vous entrez dans un pays en guerre et les douaniers vous accueillent doigt sur la gachette de leur fusil automatique et vous demandent de vous garer. Fouille ext\u00e9rieure du camping-car jusque sous le chassis puis fouille int\u00e9rieure et seulement apr\u00e8s, vous avez droit \u00e0 un \u00ab\u00a0Welcome to Isra\u00ebl\u00a0\u00bb. Un douanier vous emm\u00e8ne sur un deuxi\u00e8me parking devant les bureaux d&rsquo;immigration et vous demande de descendre avec tous les papiers. Dans un bureau climatis\u00e9, vous donnez passeports, carte grise, assurance, permis de conduire. Tous les papiers sont contr\u00f4l\u00e9s par rapport \u00e0 un \u00e9norme classeur qui r\u00e9pertorie tous les papiers officiels du monde. Les n\u00f4tres sont OK, redire la formule magique : no stamp in the passeport. c&rsquo;est ok, on vous notera juste un num\u00e9ro banal qui indique votre num\u00e9ro de dossier en Isra\u00ebl. On vous demande combien de jours vous restez et on vous donne un accord. Le tout avec des douaniers efficaces mais \u00a0pas aimables du tout. Si vous avez un chien, un v\u00e9t\u00e9rinaire v\u00e9rifiera le carnet de sant\u00e9 europ\u00e9en et le chien. Le tout n&rsquo;a pas dur\u00e9 une heure : efficacit\u00e9 militaire mais il faut dire que seules quelques voitures isra\u00e9liennes et jordanniennes passent r\u00e9guli\u00e8rement la fronti\u00e8re et nous \u00e9tions les seuls d&rsquo;une autre nationalit\u00e9. Une fois les enregistrements faits, refouille de la douane du v\u00e9hicule puis apr\u00e8s un dernier Welcome to Isra\u00ebl, nous sommes partis&#8230;.<\/li>\n<li>3\u00e8me \u00e9tape : la sortie d&rsquo;Isra\u00ebl. Lorsque vous revenez d&rsquo;Isra\u00ebl pour rentrer en Jordanie, il faut obligatoirement passer au m\u00eame poste fronti\u00e8re qu&rsquo;\u00e0 l&rsquo;aller. Il n&rsquo;est pas possible d&rsquo;entrer au Cheikh Hussein et ressortir \u00e0 Eilat (Aquabat) mais l\u00e0 nous n&rsquo;avons pas v\u00e9rifier des fran\u00e7ais rencontr\u00e9s en Jordanie, en avaient fait l&rsquo;exp\u00e9rience. Mais tout \u00e9volue, il vaut mieux demander au douanier. On retourne \u00e0 l&rsquo;immigration, toujours pas de tampon : IMPERATIF, bien surveiller les douaniers qu&rsquo;il n&rsquo;y est pas d&rsquo;erreur. On paie les taxes de sortie et l&rsquo;on retourne en Jordanie.<\/li>\n<li>4\u00e8me \u00e9tape : la Jordanie. Comme vous aviez achet\u00e9 un visa simple en entrant en Jordanie et que vous en \u00eates sorti, il faut racheter un autre visa (env. 15euro) sur une feuille simple sinon si vous avez plusieurs visas jordaniens, au passage de la Syrie ou d&rsquo;Egypte, les douaniers vont vous demander pourquoi vous avez plusieurs visas vous n&rsquo;\u00eates pas sens\u00e9s aller en Isra\u00ebl puisque c&rsquo;est interdit. Les douaniers jordaniens ont l&rsquo;habitude et cela ne pose aucun probl\u00e8me, ils vous d\u00e9livrent le nouveau visa sur la m\u00eame feuille volante de votre sortie. Puis vous repassez la douane, revisite du camping-car et l\u00e0 ils sont tr\u00e8s tr\u00e8s tatillon (juste pour vous ennuyer d&rsquo;avoir \u00e9t\u00e9 en Isra\u00ebl) puis vous voici de retour en Jordanie. A la sortie de Jordanie pour repartir vers la Syrie, vous pr\u00e9senterez votre passeport et non pas la feuille volante, vous paierez vos frais de s\u00e9jour et vous aurez votre tampon de sortie sur votre passeport. Tout va bien, vous pouvez continuer vers la Syrie&#8230;.<\/li>\n<\/ol>\n","protected":false},"excerpt":{"rendered":"<p>Depuis la Jordanie, il existe 3 points de passage terrestres entre Isra\u00ebl et la Jordanie&#8230;.<\/p>\n","protected":false},"author":3,"featured_media":0,"parent":0,"menu_order":0,"comment_status":"open","ping_status":"open","template":"","meta":{"footnotes":""},"class_list":["post-4055","page","type-page","status-publish","hentry"],"_links":{"self":[{"href":"https:\/\/martine.tatangelo.com\/index.php\/wp-json\/wp\/v2\/pages\/4055","targetHints":{"allow":["GET"]}}],"collection":[{"href":"https:\/\/martine.tatangelo.com\/index.php\/wp-json\/wp\/v2\/pages"}],"about":[{"href":"https:\/\/martine.tatangelo.com\/index.php\/wp-json\/wp\/v2\/types\/page"}],"author":[{"embeddable":true,"href":"https:\/\/martine.tatangelo.com\/index.php\/wp-json\/wp\/v2\/users\/3"}],"replies":[{"embeddable":true,"href":"https:\/\/martine.tatangelo.com\/index.php\/wp-json\/wp\/v2\/comments?post=4055"}],"version-history":[{"count":0,"href":"https:\/\/martine.tatangelo.com\/index.php\/wp-json\/wp\/v2\/pages\/4055\/revisions"}],"wp:attachment":[{"href":"https:\/\/martine.tatangelo.com\/index.php\/wp-json\/wp\/v2\/media?parent=4055"}],"curies":[{"name":"wp","href":"https:\/\/api.w.org\/{rel}","templated":true}]}}